osite number?
False
Is 6949571 prime?
True
Is 35800711 a prime number?
True
Is 4815754 composite?
True
Is 222981019 a prime number?
False
Is 80800781 composite?
False
Is 45973349 prime?
False
Is 42302311 a prime number?
True
Is 42805589 a prime number?
True
Is 1074211 a composite number?
True
Is 1172461969 prime?
False
Is 530749 composite?
True
Is 5543191 a composite number?
False
Is 3774347 prime?
True
Is 23749001 prime?
False
Is 653687 a composite number?
False
Is 88528855 composite?
True
Is 56553421 a composite number?
False
Is 33544045 composite?
True
Is 1142817667 composite?
False
Is 28419031 a prime number?
False
Is 8602439 composite?
False
Is 3683401 a composite number?
False
Is 7580171 composite?
False
Is 150772759 composite?
False
Is 107805001 composite?
False
Is 18299917 a composite number?
True
Is 944353517 a composite number?
True
Is 9398101 a composite number?
False
Is 2146423 prime?
True
Is 1388820163 prime?
True
Is 580207651 a composite number?
False
Is 64460663 a composite number?
False
Is 8326463 prime?
True
Is 165839087 prime?
False
Is 148550999 composite?
False
Is 76871 prime?
True
Is 36112997 a prime number?
True
Is 6077699 a composite number?
True
Is 33494 a prime number?
False
Is 10226317 composite?
True
Is 3828287 composite?
False
Is 2697337 prime?
False
Is 5353871 composite?
True
Is 24611261 prime?
True
Is 12693413 a prime number?
True
Is 10510579 composite?
False
Is 95625251 a prime number?
True
Is 34971403 composite?
True
Is 59999077 prime?
True
Is 42648523 prime?
True
Is 14879834 prime?
False
Is 4164689 a prime number?
False
Is 6181909 prime?
False
Is 261665797 composite?
True
Is 21368897 prime?
False
Is 124165883 composite?
True
Is 152579293 a composite number?
False
Is 22653539 composite?
False
Is 40716703 prime?
False
Is 5547973 composite?
False
Is 726521 a composite number?
False
Is 17130083 composite?
True
Is 25277813 a composite number?
True
Is 78549245 a composite number?
True
Is 4123633 a composite number?
False
Is 2189587 prime?
False
Is 119474461 a composite number?
True
Is 10787449 composite?
True
Is 5183741 a prime number?
False
Is 4383991 a prime number?
True
Is 422944169 a prime number?
True
Is 5563889 composite?
True
Is 24659959 prime?
False
Is 3223903 a composite number?
False
Is 7468651 composite?
False
Is 1401313 a composite number?
True
Is 85160067 a composite number?
True
Is 7736461 a prime number?
True
Is 144869513 prime?
True
Is 6688373 a composite number?
True
Is 430071 a composite number?
True
Is 22641251 a composite number?
False
Is 1123313 prime?
False
Is 6566033 prime?
True
Is 24750661 prime?
False
Is 52679897 prime?
False
Is 20202071 a composite number?
False
Is 30084001 a composite number?
False
Is 2780077 a prime number?
True
Is 64531349 composite?
True
Is 557261 prime?
True
Is 5474893 a prime number?
True
Is 72786677 prime?
True
Is 21192877 composite?
False
Is 1206619 composite?
False
Is 35510341 prime?
True
Is 953639 a prime number?
True
Is 73390269 a composite number?
True
Is 433493223 a prime number?
False
Is 17876669 prime?
True
Is 25386917 prime?
False
Is 696337 composite?
True
Is 125529113 prime?
False
Is 103264289 composite?
False
Is 13664129 a prime number?
True
Is 158499361 a composite number?
True
Is 4541477 a composite number?
False
Is 887 composite?
False
Is 26770123 prime?
False
Is 6165827 prime?
True
Is 60009449 a prime number?
False
Is 611207 prime?
True
Is 15070997 composite?
False
Is 17188547 a composite number?
True
Is 1571207 prime?
False
Is 4262549 a prime number?
True
Is 11797241 a prime number?
True
Is 303641 prime?
False
Is 5747459 composite?
False
Is 11116811 a prime number?
True
Is 747566 a composite number?
True
Is 17808173 a composite number?
True
Is 16659767 a composite number?
False
Is 31032317 a prime number?
True
Is 22013995 a composite number?
True
Is 185653 a prime number?
False
Is 81627361 a prime number?
True
Is 80404853 composite?
False
Is 59168669 a composite number?
True
Is 778889 prime?
False
Is 332956067 a prime number?
False
Is 16760893 composite?
False
Is 110308007 composite?
False
Is 59716883 prime?
True
Is 1355619 composite?
True
Is 3682858 a composite number?
True
Is 5215789 a prime number?
True
Is 647010233 a prime number?
True
Is 24592093 composite?
True
Is 26607419 composite?
False
Is 1308077 a composite number?
False
Is 244510457 a prime number?
False
Is 8619601 composite?
False
Is 1243511 a prime number?
True
Is 654671 a prime number?
True
Is 3496205 a prime number?
False
Is 3576049 a composite number?
True
Is 11226959 prime?
True
Is 14019077 a prime number?
True
Is 1419359 composite?
False
Is 28911409 a prime number?
False
Is 368477 prime?
False
Is 137255737 composite?
False
Is 159798817 composite?
False
Is 7673959 a composite number?
False
Is 62075159 a prime number?
False
Is 245887 composite?
True
Is 16876103 a prime number?
True
Is 16800863 composite?
True
Is 100594933 prime?
False
Is 54306431 prime?
False
Is 12534761 a composite number?
False
Is 818306 prime?
False
Is 5809799 composite?
True
Is 178700801 a prime number?
False
Is 1516921 a composite number?
True
Is 24832637 composite?
False
Is 14732281 a prime number?
True
Is 135043 a prime number?
True
Is 1115627 a composite number?
False
Is 5649989 a composite number?
True
Is 166925041 a composite number?
True
Is 645877 composite?
False
Is 17863187 prime?
False
Is 152431841 composite?
False
Is 178935233 prime?
True
Is 122699879 a composite number?
False
Is 2672591 a prime number?
False
Is 105738041 composite?
True
Is 235159 a prime number?
True
Is 126700451 a prime number?
True
Is 141601129 a prime number?
False
Is 131215883 a composite number?
False
Is 3937441 a prime number?
False
Is 37334729 a composite number?
False
Is 163376293 a composite number?
True
Is 937991 composite?
False
Is 1199539 a prime number?
False
Is 398743 prime?
False
Is 1379681 a composite number?
False
Is 301731139 a composite number?
False
Is 81839 a composite number?
False
Is 461976473 a composite number?
True
Is 2076551 prime?
False
Is 236249141 composite?
True
Is 58273217 prime?
True
Is 1919839 a prime number?
True
Is 3504221 a prime number?
False
Is 34947685 composite?
True
Is 3057973 a composite number?
True
Is 2214858667 a composite number?
True
Is 180214219 a prime number?
False
Is 5213591 prime?
False
Is 7771487 prime?
True
Is 18684647 composite?
False
Is 154144931 composite?
True
Is 7747771 composite?
False
Is 4335671 composite?
True
Is 4958299 a prime number?
True
Is 78990013 composite?
False
Is 191933261 a composite number?
True
Is 7963957 a composite number?
True
Is 5483477 composite?
False
Is 2066651 composite?
True
Is 15131879 a prime number?
False
Is 136463417 composite?
False
Is 36606619 composite?
True
Is 7364273 composite?
True
Is 1118291 prime?
True
Is 50283479 composite?
False
Is 135392371 prime?
False
Is 428604314 a prime number?
False
Is 58440527 a composite number?
True
Is 276622 a composite number?
True
Is 117319 a prime number?
True
Is 7665953 prime?
True
Is 7741283 prime?
False
Is 214508773 composite?
True
Is 104467919 a prime number?
True
Is 2198899 composite?
True
Is 5111569 composite?
True
Is 1062169 a composite number?
False
Is 10260149 a composite number?
False
Is 11536337 composite?
False
Is 64080869 prime?
False
Is 32187241 a prime number?
False
Is 215690613 a prime number?
False
Is 717224333 composite?
True
Is 105200714 a composite number?
True
Is 62254651 composite?
False
Is 3001811 composite?
False
Is 192905866 a composite number?
True
Is 34109821 a prime number?
False
Is 3211583 composite?
False
Is 342494787 composite?
True
Is 798145 prime?
False
Is 3449477 prime?
True
Is 41159851 prime?
True
Is 17837689 prime?
True
Is 35136571 a prime number?
False
Is 2118583 a prime number?
False
Is 19973069 a composite number?
True
Is 6008159 composite?
True
Is 3117097 composite?
False
Is 7796303 a prime number?
False
Is 1154449 prime?
True
Is 701191 a prime number?
False
Is 583207 prime?
True
Is 130502309 a prime number?
False
Is 11809283 a prime number?
False
Is 4424219 a prime number?
False
Is 126608587 a composite number?
True
Is 56660519 a prime number?
False
Is 74631443 a prime number?
True
Is 7608121 prime?
False
Is 70400747 prime?
False
Is 120943877 prime?
True
Is 11721200